ase 14.
-19
What is 10011 (base 2) in base 7?
25
Convert 0 (base 13) to base 10.
0
Convert -101 (base 3) to base 6.
-14
7 (base 12) to base 4
13
What is -29 (base 16) in base 7?
-56
Convert -330 (base 5) to base 8.
-132
What is 1b5 (base 12) in base 6?
1145
What is -3 (base 5) in base 13?
-3
Convert 3 (base 4) to base 10.
3
-2 (base 16) to base 12
-2
Convert 1e (base 15) to base 5.
104
What is -101 (base 3) in base 11?
-a
-5 (base 11) to base 6
-5
Convert -11 (base 4) to base 15.
-5
Convert -7 (base 11) to base 5.
-12
What is 5 (base 15) in base 9?
5
What is 1 (base 16) in base 14?
1
Convert -2 (base 12) to base 6.
-2
Convert 3 (base 9) to base 6.
3
4 (base 16) to base 15
4
Convert 120 (base 4) to base 7.
33
Convert -21 (base 3) to base 5.
-12
-14 (base 8) to base 16
-c
Convert a0 (base 15) to base 2.
10010110
What is -91 (base 15) in base 5?
-1021
What is 29 (base 10) in base 13?
23
What is -30 (base 8) in base 3?
-220
-10 (base 2) to base 12
-2
2 (base 8) to base 11
2
What is -6 (base 11) in base 9?
-6
Convert -111110 (base 2) to base 11.
-57
What is -11 (base 2) in base 12?
-3
What is 26 (base 13) in base 8?
40
Convert 210 (base 3) to base 16.
15
What is 0 (base 15) in base 7?
0
Convert -1a (base 12) to base 15.
-17
1b (base 12) to base 11
21
15 (base 15) to base 6
32
323 (base 6) to base 2
1111011
111001 (base 2) to base 8
71
What is -10a (base 12) in base 15?
-a4
202 (base 6) to base 12
62
What is 3 (base 15) in base 14?
3
-10 (base 6) to base 7
-6
Convert -11101 (base 2) to base 4.
-131
What is 1 (base 5) in base 2?
1
Convert -41 (base 8) to base 3.
-1020
Convert 69 (base 14) to base 10.
93
What is 17 (base 12) in base 5?
34
Convert -2 (base 14) to base 12.
-2
Convert -30 (base 7) to base 9.
-23
What is -4 (base 10) in base 6?
-4
What is -6c (base 16) in base 7?
-213
Convert 202 (base 11) to base 16.
f4
Convert -5 (base 8) to base 14.
-5
10 (base 4) to base 10
4
What is -8 (base 12) in base 8?
-10
Convert -4 (base 8) to base 9.
-4
-1 (base 6) to base 5
-1
-49 (base 10) to base 6
-121
Convert -1100 (base 2) to base 10.
-12
What is 3 (base 11) in base 8?
3
2 (base 7) to base 11
2
What is -19 (base 13) in base 3?
-211
2 (base 8) to base 14
2
-6 (base 11) to base 12
-6
-31 (base 6) to base 14
-15
63 (base 11) to base 16
45
Convert 29 (base 13) to base 3.
1022
Convert 2021 (base 4) to base 7.
254
-3 (base 15) to base 2
-11
What is -1 (base 13) in base 6?
-1
Convert -13 (base 6) to base 10.
-9
0 (base 13) to base 11
0
-24 (base 6) to base 5
-31
What is 3 (base 15) in base 10?
3
4 (base 7) to base 14
4
Convert 8 (base 9) to base 13.
8
Convert -10 (base 16) to base 11.
-15
-99 (base 10) to base 5
-344
2 (base 14) to base 7
2
What is -1110111 (base 2) in base 7?
-230
Convert 102 (base 8) to base 7.
123
Convert -110 (base 5) to base 16.
-1e
What is 223 (base 5) in base 8?
77
Convert 2 (base 13) to base 10.
2
1 (base 13) to base 15
1
What is 2 (base 9) in base 15?
2
What is -7 (base 11) in base 2?
-111
-76 (base 8) to base 2
-111110
Convert -2 (base 16) to base 10.
-2
What is -21 (base 4) in base 13?
-9
Convert 153 (base 10) to base 8.
231
Convert -52 (base 15) to base 7.
-140
-146 (base 12) to base 6
-530
What is 0 (base 2) in base 14?
0
-9 (base 12) to base 4
-21
What is -83 (base 11) in base 12?
-77
What is 58 (base 14) in base 7?
141
Convert 51 (base 10) to base 12.
43
Convert 35 (base 6) to base 14.
19
What is -62 (base 15) in base 12?
-78
10 (base 6) to base 2
110
What is -3 (base 14) in base 2?
-11
What is 1 (base 10) in base 8?
1
Convert -123 (base 7) to base 16.
-42
What is -1 (base 4) in base 14?
-1
5 (base 11) to base 8
5
Convert d (base 16) to base 7.
16
What is -65 (base 8) in base 2?
-110101
What is 3 (base 6) in base 7?
3
-a (base 15) to base 7
-13
Convert -4 (base 16) to base 3.
-11
Convert 16 (base 11) to base 15.
12
What is 2 (base 15) in base 11?
2
-1 (base 6) to base 4
-1
What is 101 (base 3) in base 4?
22
What is 25a (base 12) in base 11?
2a6
Convert 0 (base 8) to base 10.
0
What is 12 (base 13) in base 15?
10
Convert -13 (base 4) to base 2.
-111
What is -3 (base 11) in base 14?
-3
What is -10000111 (base 2) in base 11?
-113
-4 (base 13) to base 9
-4
Convert 13 (base 7) to base 16.
a
Convert 64 (base 8) to base 2.
110100
Convert 2 (base 3) to base 16.
2
What is -c (base 16) in base 2?
-1100
Convert -7e (base 16) to base 15.
-86
Convert 102 (base 3) to base 7.
14
Convert -27 (base 9) to base 15.
-1a
What is -12a (base 16) in base 15?
-14d
-9 (base 14) to base 12
-9
What is 35 (base 11) in base 13?
2c
Convert -3 (base 4) to base 15.
-3
-5 (base 13) to base 8
-5
3 (base 7) to base 10
3
What is -121 (base 5) in base 9?
-40
Convert 31 (base 7) to base 3.
211
-3 (base 11) to base 4
-3
10 (base 15) to base 5
30
What is -4 (base 10) in base 4?
-10
10 (base 3) to base 8
3
Convert 102 (base 5) to base 16.
1b
What is -5 (base 14) in base 11?
-5
Convert 116 (base 8) to base 11.
71
What is 10 (base 2) in base 5?
2
Convert 222 (base 7) to base 15.
79
Convert -7 (base 13) to base 15.
-7
-5a (base 11) to base 7
-122
What is 3e (base 16) in base 15?
42
102 (base 4) to base 13
15
What is 4 (base 12) in base 3?
11
Convert 3 (base 10) to base 4.
3
Convert -5 (base 11) to base 6.
-5
-3022 (base 4) to base 15
-d7
Convert 100 (base 6) to base 11.
33
Convert 266 (base 7) to base 2.
10010010
9 (base 10) to base 15
9
What is 61 (base 10) in base 5?
221
Convert 11 (base 5) to base 10.
6
What is -112 (base 4) in base 15?
-17
Convert 8 (base 14) to base 5.
13
What is -120220 (base 3) in base 2?
-110101101
What is 30 (base 7) in base 12?
19
-246 (base 8) to base 2
-10100110
3 (base 13) to base 10
3
What is -1 (base 10) in base 12?
-1
Convert -5 (base 16) to base 6.
-5
-2 (base 11) to base 7
-2
What is 2 (base 15) in base 4?
2
What is 2 (base 4) in base 14?
2
-144 (base 13) to base 2
-11100001
-7 (base 11) to base 7
-10
Convert -2 (base 11) to base 15.
-2
What is 12 (base 4) in base 15?
6
-1111010 (base 2) to base 8
-172
Convert 2000 (base 4) to base 5.
1003
Convert 2 (base 9) to base 6.
2
Convert -440 (base 5) to base 9.
-143
Convert 2 (base 15) to base 9.
2
What is 32 (base 5) in base 15?
12
1110011 (base 2) to base 11
a5
-21 (base 14) to base 13
-23
37 (base 8) to base 6
51
What is 0 (base 3) in base 15?
0
3 (base 8) to base 3
10
What is 6 (base 8) in base 5?
11
Convert 270 (base 9) to base 14.
121
What is 60 (base 11) in base 3?
2110
Convert 111 (base 11) to base 7.
250
Convert 38 (base 9) to base 4.
203
2c (base 14) to base 2
101000
-a (base 11) to base 14
-a
Convert -14 (base 5) to base 12.
-9
Convert -17 (base 16) to base 3.
-212
Convert 130 (base 6) to base 5.
204
18 (base 12) to base 7
26
-31 (base 4) to base 16
-d
What is -12001 (base 3) in base 5?
-1021
What is 1100 (base 3) in base 15?
26
Convert -3 (base 7) to base 6.
-3
What is 0 (base 8) in base 15?
0
What is 212 (base 5) in base 14?
41
What is 0 (base 4) in base 13?
0
Convert -35 (base 16) to base 8.
-65
What is -a8 (base 14) in base 6?
-404
62 (base 8) to base 12
42
Convert -30 (base 12) to base 5.
-121
What is 48 (base 11) in base 2?
110100
-2d (base 14) to base 16
-29
0 (base 11) to base 13
0
What is 2 (base 10) in base 11?
2
1 (base 11) to base 12
1
Convert 15 (base 6) to base 14.
b
What is 33 (base 10) in base 2?
100001
Convert -2 (base 6) to base 4.
-2
0 (base 5) to base 2
0
Convert -1 (base 3) to base 11.
-1
What is -4 (base 7) in base 8?
-4
What is 5c (base 13) in base 3?
2212
What is 32 (base 6) in base 8?
24
What is ea (base 15) in base 2?
11011100
Convert 104 (base 6) to base 9.
44
What is -6 (base 11) in base 7?
-6
Convert 14 (base 13) to base 15.
12
11 (base 4) to base 6
5
-10 (base 3) to base 11
-3
What is 289 (base 10) in base 15?
144
Convert 27 (base 11) to base 7.
41
-17a (base 11) to base 3
-21201
-8 (base 14) to base 5
-13
Convert 1110 (base 2) to base 16.
e
-3 (base 13) to base 6
-3
Convert 5 (base 8) to base 12.
5
30 (base 5) to base 13
12
-105 (base 7) to base 13
-42
-3 (base 9) to base 10
-3
What is c (base 15) in base 11?
11
-1010 (base 2) to base 4
-22
3 (base 8) to base 5
3
Convert 10 (base 5) to base 13.
5
3 (base 5) to base 7
3
-12 (base 7) to base 10
-9
Convert 19 (base 11) to base 6.
32
Convert -4c (base 13) to base 7.
-121
Convert 2 (base 15) to base 6.
2
1